. Determine g(b).
-6
Let t(w) = 5 - 15*w + 17*w + 6. Let v be t(-5). Let o(y) be the second derivative of -2*y**4/3 + y**3/6 - y**2/2 - 23*y - 1. Determine o(v).
-8
Let r(i) be the second derivative of i**5/20 + i**4/4 + i**3/6 + 2*i**2 - 887*i - 2. What is r(-4)?
-16
Let v(g) = -124*g**2 + 506*g - 13. Let r be v(4). Let q(z) = 22*z - 597. Determine q(r).
-3
Suppose 4*d - 4*a = 476, -19*d + 2*a = -23*d + 458. Let c = 117 - d. Let i(o) = -8*o**3 + 1. Calculate i(c).
-7
Let n(r) = -2*r**2 + r + 4. Let p be n(3). Let v = p + 9. Let w(u) be the first derivative of u**2/2 + 2*u + 100. What is w(v)?
0
Let x(j) be the third derivative of -71 + 1/60*j**5 - 1/12*j**4 + 1/2*j**3 + 0*j - j**2 - 1/120*j**6. What is x(3)?
-21
Let t(v) = 5*v**2 + 7*v - 3. Let m be t(3). Let x(f) = -2*f - 31 + m - 33. Determine x(3).
-7
Let o(t) = 3*t - 16. Let b be o(6). Let k(f) = -f + 2*f + 6 - 4*f - f + f**b. Let l(a) = a**2 - 17*a - 106. Let j be l(-5). Determine k(j).
6
Let r(y) be the second derivative of -y**3/6 + 11*y**2 - 961*y. Calculate r(10).
12
Let n(m) = -m**3 + 15*m**2 + 55*m - 13. Let w be 34 + -70 - -31 - -1*23/1. What is n(w)?
5
Let u(c) be the second derivative of c**4/6 + 7*c**2/2 - 8*c + 77. What is u(-3)?
25
Let n be 7 - (-5)/15*21. Let v(u) = -n + 6 - 18*u + 10*u + 7*u. Determine v(-4).
-4
Let z(c) be the third derivative of -c**5/15 - 13*c**4/12 + 2*c**3/3 - 2*c**2 + c + 66. Give z(-5).
34
Let k(x) = x**3 + 6*x**2 + 2*x - 7. Suppose 0*p - 177 = 62*p + 195. What is k(p)?
-19
Let h = 374 - 368. Suppose -24*g + 21*g = -h. Let a(y) be the first derivative of -y**4/2 + y**2 - y + 3. Determine a(g).
-13
Let r be 48/(-5) - (-2)/(-5). Let w(f) = 5*f - 2 - 50*f + 44*f. Determine w(r).
8
Let n(q) = q**2 - 7*q + 10. Let p(y) = -y**3 - 12*y**2 - 22*y - 19. Let a be p(-10). Let z be (-3)/(6/8*-2). Suppose 4*v = -12, m + 0 = -z*v + a. Give n(m).
10
Let u(y) = -2*y**2 + 23*y - 33 - 21*y + 29. Suppose -l - l - 2 = 4*k, 0 = -3*k - 3*l - 9. Give u(k).
-8
Let j(p) be the first derivative of p**4/8 - p**3/3 + 11*p**2/2 - 2*p + 68. Let x(z) be the second derivative of j(z). Determine x(2).
4
Let v(p) = -4*p**2 - 14*p + 31. Let g(j) = -j**2 - 3*j + 6. Let b(r) = 11*g(r) - 2*v(r). Suppose -119*x + 117*x + w - 7 = 0, 4*x = -4*w - 20. What is b(x)?
-24
Let s(r) = r + 1. Let c(o) = -2*o - 3. Let f(t) = -6*c(t) - 13*s(t). Let b = 294100 - 294099. Determine f(b).
4
Let w(c) = c**3 + 21*c**2 - 42*c - 876. Let n be w(-21). Let v(m) = 2*m**3 - 11*m**2 - m - 1. Determine v(n).
29
Let y(g) = g**2 + 7*g + 2. Let u be (1 - (-6)/(-10))/(57/285). Suppose 0 = u*l + l + 5*z - 330, 0 = -2*l + 2*z + 220. Let d = l + -117. Calculate y(d).
2
Let u(r) = 4*r**3 + 3*r**2 + 9*r - 42. Let j(d) = 11*d**3 + 11*d**2 + 20*d - 116. Let o(k) = 3*j(k) - 8*u(k). Determine o(-9).
96
Let o(d) = d + 12 + 5 - 67 - 3*d**2 + 49. What is o(-2)?
-15
Let d(r) = 7*r - 123. Suppose -95*x = -94*x + 5*v - 14, 42 = 3*x + 2*v. Give d(x).
-25
Let s(l) = 49161 - 98324 + 49162 - 2*l**3 + 2*l**2. Give s(-1).
3
Let s(u) be the second derivative of -u**6/120 + 7*u**5/60 - u**4/3 + 5*u**3/6 + 81*u**2/2 + 84*u. Let x(o) be the first derivative of s(o). Determine x(6).
-7
Let o(u) be the second derivative of -u**5/20 + 2*u**4/3 - u**3/6 + 6*u**2 + 113*u. Give o(8).
4
Let u(z) = 11*z + 2595. Let y(i) = -9*i - 2224. Let t(a) = -6*u(a) - 7*y(a). Suppose -2*s + 0*s - w + 11 = 0, 2*s - 8 = -4*w. Calculate t(s).
-20
Let x = -272 - -276. Let d(f) = -x*f + 5*f + 0*f + 5 - 4. Determine d(3).
4
Let m = -114 + 117. Suppose 3*y + 23 = -5*k, m*y - 4*k = -4 - 10. Let f(x) = -3*x - 18. Give f(y).
0
Let j(g) be the third derivative of -g**5/60 + 2*g**4/3 - 23*g**3/6 + 163*g**2 + g - 7. Calculate j(14).
5
Let a(v) be the third derivative of -v**4/24 + 5*v**3/6 - v**2. Suppose 999*n - 80 = 975*n + 16. Determine a(n).
1
Let y(k) = k**3 - 6*k**2 - 9*k + 6. Suppose -8746*b + 8688*b + 406 = 0. What is y(b)?
-8
Let d(f) = -2*f - 10. Let t = 200 + -497. Let i = t + 290. What is d(i)?
4
Let w(d) = -1 + 1 - 6*d + d**3 + 3 - 3*d**2. Suppose 142*b - 24 = 227 + 317. Determine w(b).
-5
Suppose 319*u - 310*u = 9. Let v = -12 - -25. Suppose s - n - u = n, s = -4*n + v. Let a(l) = l**3 - 5*l**2 + 2*l - 7. Calculate a(s).
3
Let r(a) be the second derivative of 3*a**2 - 436 + a**3 - a - 3*a**3 - 2*a**2 + 395. What is r(-2)?
26
Let k(u) = -7*u**3 + 12*u**2 + 5*u + 3. Let z(g) be the first derivative of g**4/4 - g**3 - g**2/2 - g - 37. Let l(i) = k(i) + 6*z(i). Calculate l(-6).
3
Let b(y) = 9*y**3 + 29*y**2 - 9*y - 14. Let f(w) = 5*w**3 + 17*w**2 - 5*w - 8. Let i(l) = 4*b(l) - 7*f(l). Give i(4).
12
Let m(d) be the first derivative of 0*d - 5*d**3 + 0*d**2 - 1/3*d**4 - 11 + 1/120*d**5. Let k(g) be the third derivative of m(g). Give k(6).
-2
Suppose 31*z = 284 - 98. Let t(b) = 3*b**2 - 623*b - 6*b**2 + z*b**2 + 620*b. Calculate t(2).
6
Suppose -4*s - 1448 = 5*w + 993, 4*s + 1952 = -4*w. Let y = -487 - w. Let i(r) = 2*r + 4. What is i(y)?
8
Let s(q) be the first derivative of q**7/840 - q**6/120 - q**5/120 - q**4/12 + 91*q**3/3 + q**2 + 58. Let z(w) be the third derivative of s(w). Give z(3).
-5
Suppose -1 = 2*w + 5*b - 2, -5*w = b - 37. Let s(g) = w - g - g + 0*g + 0*g. Suppose -3*o + 2*o + 4 = -k, 5*k - 4 = 2*o. Give s(o).
-8
Suppose 0 = 4*i + 4, 4*h - i + 4*i - 1 = 0. Suppose -2*u = -j - h - 4, 0 = -2*j - 3*u - 17. Let r(f) = f**3 + 7*f**2 + f + 7. Calculate r(j).
0
Let y(w) = 2*w**2 - 40*w + 34. Let v be y(19). Let s(m) = m**2 - 3*m - 10. Let b be s(v). Let j(f) = 15 - 8 - b + 2*f. Give j(8).
5
Let w(d) = d**3 + 3*d**2 - 3*d - 4. Let q = 9 + -5. Suppose -q*s = -25 - 55. Let m(a) = -a**2 + 21*a - 23. Let z be m(s). Give w(z).
5
Let z(d) = d**3 + 3*d**2 - 4*d + 4. Suppose -696*n + 692*n = -4*y + 20, 2*n = -3*y. Calculate z(n).
16
Let i(f) = f**2 - f + 2. Suppose 5476 + 796 = 32*o. Let t = o - 198. Determine i(t).
8
Suppose 916 = q + 900. Let u(n) be the second derivative of 0 - 3*n**2 + q*n - 1/2*n**3. Determine u(-6).
12
Let u(n) = n**2 - 3*n**2 - 7*n + 1 + 10*n**2 - 6*n**2. Calculate u(5).
16
Suppose 9*w - 27 = 54. Let j(u) = u**2 + 36*u - 12*u - w*u - 11*u + 1. Determine j(-4).
1
Let u(w) = 3*w + 1. Suppose 0 = 5*m + 3*i + 502, 3*m - 2*i + 207 + 79 = 0. Let x = -96 - m. Let s be x/3 - 190/(-57). What is u(s)?
13
Let w(o) = o - 4. Let v = -2328 - -2337. Determine w(v).
5
Let l(s) = -5*s - 50 - 52 - 51 - 54 + 215. Calculate l(-7).
43
Let g(t) = t. Let q = -44 - -48. Suppose q*f - 2*x - 5 = f, -3*x + 3 = -f. Suppose -1 = -2*v - f. Give g(v).
-1
Let m = 339 - 260. Let u(c) = -m*c**2 - 80*c**2 + 0*c - 17 + 158*c**2 - 16*c. What is u(-14)?
11
Let h(z) = -z**3 + 282*z**2 - 57*z + 35*z - 262*z**2 + 35. Determine h(19).
-22
Let q(v) be the second derivative of 2*v**3/3 + 11*v**2/2 - 3183*v. Give q(3).
23
Let n(d) = 215*d + 1079. Let u be n(-5). Let c(x) = 5*x + 4. Calculate c(u).
24
Let c(y) = -y**2 - 7*y + 11. Let g be c(-8). Let o(x) = 1 + 3 + x + g. Let m be 6/8 - 33/((-3036)/(-989)). Give o(m).
-3
Let x = -2165 + 2138. Let z(l) = 8*l + 224. Determine z(x).
8
Let m = -104 + 107. Let j(n) = -2*n**2 + 57 + n - 55 - 2*n + 2*n**m. Determine j(2).
8
Let s = -240 - -234. Let t(g) = -4*g**3 + 4*g**2 - 2*g + 2. Let n(x) = -5*x**3 + 5*x**2 - 2*x + 3. Let p(i) = s*t(i) + 5*n(i). Give p(-3).
33
Suppose 0 = 15*u + 5*u. Let l(g) = -g**3 - g**2 - g + 42. Give l(u).
42
Let x(u) = 44 + 7 + 378457*u**3 - 378455*u**3 + 129*u**2 + 7 - 64*u. What is x(-65)?
-7
Suppose -5 = -2*n + 1. Let m(o) be the first derivative of -o**3 - 82 + 1/4*o**4 - 3/2*o**2 + o. Determine m(n).
-8
Let x(w) be the first derivative of 0*w**3 + 1/2*w**2 - 1/2*w**4 - 3*w + 13. Let o(u) be the first derivative of x(u). Calculate o(-1).
-5
Let s(q) = q**3 - 3*q**2 - 3*q - 2. Let z(h) = -h**2 + h - 3. Let l be z(0). Let j = 2362 + -2341. Let c be l + j*(-4)/(-12). What is s(c)?
2
Let p(m) = -2 + 3*m - 2 - 14 + 35 + 38. Give p(-22).
-11
Let q be 4*(-3)/66 - (-258825)/275. Let s = q + -943. Let p(n) be the third derivative of n**6/120 + n**5/15 + n**4/6 + n**3/2 + n**2. What is p(s)?
3
Let a(x) be the second derivative of 3*x**5/20 + x**4/24 - 19*x**2/2 - 7*x. Let t(q) be the first derivative of a(q). Give t(1).
10
Let z be 3/5 - (-16)/40. Let d(s) = 30*s + 20. Let x(t) = 4*t + 3. Let q(l) = 2*d(l) - 14*x(l). What i